7
Let i(j) = 299*j**2 + 143*j + 13. List the prime factors of i(-3).
5, 7, 13
Suppose 2 = -4*z - 10. Let n be (z*4/6)/((-4)/226). Suppose -2*k = 5*t - n, t - 5*k - 64 = -3*t. What are the prime factors of t?
3, 7
Let u be ((-297)/(-22))/(1/8). Suppose u - 56 = j. Let k = j + -45. List the prime factors of k.
7
Let t = 42204 + -13232. List the prime factors of t.
2, 7243
Let m be (-5 - (1 - 3))*-1 + 44. Let o = m - 29. Suppose 0 = w - o - 72. List the prime factors of w.
2, 3, 5
Suppose d = 4 - 1. Let m(g) = 789*g**2 + 17*g + 2. Let w be m(1). Suppose r + 164 = i, -5*i + d*r + w = 4*r. List the prime factors of i.
2, 3
Let f be 1474/(-10) + (-12)/(-30). Let w = 187 + f. What are the prime factors of w?
2, 5
List the prime factors of (-2690)/10*-692*-7*4/(-112).
173, 269
Suppose 4*x = 3*x + 4*f + 8621, 0 = 2*x + 2*f - 17242. List the prime factors of x.
37, 233
List the prime factors of (-3 - 795361/(-63)) + (-10)/(-45).
2, 6311
Let b = 15042 + -7530. List the prime factors of b.
2, 3, 313
Let o(g) = -5*g - 10 + 40*g**3 - 6 - 37*g**3 - 5. What are the prime factors of o(6)?
3, 199
Let f be (3 - 2)/(12/48). Suppose d - 683 = -f*u, 4*u - 2009 = -5*d + 2*d. List the prime factors of d.
3, 13, 17
Let l(h) = -762*h - 262. Let d be l(14). What are the prime factors of (-50)/200 - (d/8 - -2)?
2, 11, 31
Let q be ((-4)/28 - (-1499)/7) + 1. Suppose 213*u = q*u + 142. Let a = 121 - u. List the prime factors of a.
2, 3
Suppose -499 = -5*s - 474, 85176 = k - 5*s. What are the prime factors of k?
85201
Let d(b) = 2*b + 34. Let a(w) = 2. Let r(v) = -4*a(v) + d(v). List the prime factors of r(6).
2, 19
Let w(v) = 6*v. Let n be w(11). What are the prime factors of (-1 - -45)/(11/n)?
2, 3, 11
Let h = 10541 + -4878. List the prime factors of h.
7, 809
Suppose -2*u = -4*o + 16, 3 = -3*o + 4*o - u. List the prime factors of 6/o + (-1498)/(-10).
151
Suppose -4*a - 292*a + 5635752 = -38*a. What are the prime factors of a?
2, 43, 127
Suppose -13*p + 17 = -9. Suppose p*i + 3*d - 37 + 10 = 0, 26 = i + 4*d. List the prime factors of (10/15)/(i/621).
3, 23
What are the prime factors of (-28156)/(-34) - 6/51?
2, 3, 23
Suppose 3*m = 203*f - 206*f + 193605, 4*f + 3*m - 258135 = 0. What are the prime factors of f?
2, 3, 5, 239
Let j(l) = -36*l + 20. Suppose 23*v = 25*v + 12. Let y be j(v). Suppose -2*w + y + 122 = 2*x, 323 = 2*w - 5*x. List the prime factors of w.
2, 3, 29
Suppose j - 5*g = 2*j + 12195, 4*j + 48684 = 4*g. What are the prime factors of (j/(-75))/((-2)/(-6))?
487
Let h(p) = -31*p**2 - 794*p - 6. List the prime factors of h(-20).
2, 3, 193
Suppose 4*t - 4608 = 3*o, 5*t + 2*o + 2*o - 5760 = 0. Suppose 0 = -29*k + 17*k + t. List the prime factors of k.
2, 3
What are the prime factors of -41 + 23 + 4 + 43636?
2, 17, 1283
Let a = 8639 - 5695. List the prime factors of a.
2, 23
Let x be 6/3*(-45)/18. List the prime factors of (-16)/80 + (-4826)/x + 0.
5, 193
Let c(j) = 298*j + 907. What are the prime factors of c(6)?
5, 7, 11
Let w(z) = -61*z + 34. Let b be w(-11). Suppose -4*h = -283 - b. List the prime factors of h.
13, 19
Suppose 0*p - 5*p = -m + 19, 0 = -3*p - 9. Suppose -3 + m = -j. What are the prime factors of 6*j*(-108)/8?
3
What are the prime factors of 2 - -9521 - 132/(-12)?
2, 3, 7, 227
Suppose 267*n - 228858 = 246*n. List the prime factors of n.
2, 5449
Suppose 3*x - 2 = -r, -x + 0*x - 4*r - 14 = 0. Suppose -x*o + 2435 = 577. What are the prime factors of o?
929
Let v = 5449 - 3648. What are the prime factors of v?
1801
Suppose -73*x = -63065 - 114617. List the prime factors of x.
2, 1217
Let r = -19726 + 42391. List the prime factors of r.
3, 5, 1511
Let r be ((-32)/24)/(6/(-9)). Suppose -2*h = -r*y - 5*h + 341, -5*y = 4*h - 835. List the prime factors of y.
163
Let d = 23497 + -16028. What are the prime factors of d?
7, 11, 97
Let u be ((-123)/(-6) - -2)*36/30. Suppose 26544 = u*s + 4107. What are the prime factors of s?
3, 277
Suppose -32*j + 30*j + 8 = 0. Suppose 3*b + v - 2020 = -3*v, j*b - 2683 = 5*v. What are the prime factors of b?
2, 3, 7
Suppose -5*j - 13243 = u - 68030, -4*u + 2*j = -219346. List the prime factors of u.
2, 23, 149
Let s = 18813 - 11719. What are the prime factors of s?
2, 3547
Suppose -3*n + 7 = -4*h + 4, 3*n = h - 6. List the prime factors of (h + (-10)/(-4))*-1142.
571
Suppose 0 = -10*p - 27*p - 1924. What are the prime factors of p/78*(-582)/4?
97
What are the prime factors of (-1525529)/(-76) + 1 + -1 + (-7)/(-28)?
3, 6691
Suppose 4965 = -5*k - 4*h, 4*k + 1873 + 2099 = -4*h. Let z = k + 1524. Suppose -33 - z = -4*d. List the prime factors of d.
3, 47
Let m(l) = 4199*l**2 + 28*l + 21. What are the prime factors of m(3)?
2, 3, 1579
Let y be -4 + (-24)/((-15)/(-5)). Let t be 5 - 3/y*0. What are the prime factors of t + -5 - (-281 - 3)/2?
2, 71
Suppose 2*m + 3*w - 3637 = 0, 3*m = 3*w - w + 5462. Suppose -6*f + f = -m. List the prime factors of f.
2, 7, 13
Suppose 0 = -5*a - 2*x + 5540, 3*a - x - 4146 = -822. Let n = a + -603. List the prime factors of n.
5, 101
Let a be -4 - 1*-14*27/54. Suppose -9*s = -a*s - 2592. List the prime factors of s.
2, 3
Let j = -18741 - -27215. List the prime factors of j.
2, 19, 223
Let p(b) = -b**3 + 14*b**2 - 16*b - 13. Suppose 0 = 4*k - 14*j + 13*j - 33, 3*j = k. What are the prime factors of p(k)?
2, 31
Let l(x) = 53*x**2 - 24*x + 269. List the prime factors of l(11).
2, 3209
Suppose 0 = -8*x + 575 + 153. Let o = -91 + x. List the prime factors of (o - (-1 + 65))/((-4)/8).
2
Let a(w) = -10*w**3 - 24*w**2 + 8*w + 38. List the prime factors of a(-6).
2, 643
Let z(q) = -64 + 18*q**2 - q**3 - 40*q**2 + 39*q**2 + 30*q. What are the prime factors of z(15)?
2, 11, 19
Let f(h) = -123*h**2 + 5*h + 36. Let n be f(-4). What are the prime factors of (n/3)/1*(-3)/2?
2, 61
Suppose -12*d = -11*d - 4. Suppose d*g = -2*g + 42. Suppose -g*y = 125 - 671. What are the prime factors of y?
2, 3, 13
Suppose 3*k = -d - 5, 5*d + 15 = -4*k + 2*d. What are the prime factors of (k - -5)*(5 + 18)?
5, 23
Let q = -2449 + 607. List the prime factors of (q/(-18))/(2/6).
307
Let d(x) = -2*x**3 - 10*x**2 - 4*x + 18. Let s be d(-4). Suppose -z + 4*o - 18 = 0, -5*z - 14 = -6*z - 4*o. List the prime factors of (-1 + z + 2)/(s/(-134)).
67
Suppose -3*t + 5*s = 516, -3*t + 5*s = 3*s + 516. Let v = t - -279. What are the prime factors of v?
107
Let w(y) = -2*y + 11. Let u = -179 - -154. What are the prime factors of w(u)?
61
Suppose -4*p - 2*k + 27208 = 0, 3*k + 9555 = -5*p + 43565. List the prime factors of p.
2, 19, 179
Let h be (1 + 1482/(-9))/((-6)/36). Suppose 4*p = 6*p - h. Suppose -3*r = -4*b - p + 1519, -4*r - 244 = -b. List the prime factors of b.
2, 5, 13
Suppose -113 = 4*i + q, 4*i = 4*q - 3 - 105. Let u = 40 + i. Suppose -11*m + u*m - 13 = 0. What are the prime factors of m?
13
Let r be 1416/48 - 1/2. Let q = r + 0. List the prime factors of q.
29
Let k(n) = -n**3 - 9*n**2 + 2*n + 20. Let h be k(-9). Suppose h*g = 266 + 90. Let v = g + -97. What are the prime factors of v?
3
Let f(u) = 5*u**2 - 11*u - 14. Let p(r) = -r**3 + 12*r**2 + 8*r - 2. Let s be p(13). Let b = s - -73. What are the prime factors of f(b)?
2, 5
Let i = 27 + 124. Suppose -154*c + i*c + 3195 = 0. What are the prime factors of c?
3, 5, 71
Suppose -244020 - 50564 = -92*t. List the prime factors of t.
2, 1601
Let x = -292 + 719. Let k = -215 + x. List the prime factors of k.
2, 53
Let x = 1664 - 294. Suppose 6*a - x = -230. Suppose 2*u = 2*r + 124, -2*u + 2*r = u - a. List the prime factors of u.
2, 3, 11
Let r(v) = -825*v + 4133. List the prime factors of r(-30).
17, 1699
Let w be ((-24)/(-10))/((-6)/(-20)). Suppose b - f + 3 = 0, 5*f = -w*b + 4*b + 6. What are the prime factors of 1 + -2 + b - -58?
2, 7
Let z(m) = m**2 + 18*m - 17. Let x(j) = 2*j - 29. Let w be x(8). Let p be z(w). Let n = p + 117. List the prime factors of n.
5, 7
Suppose 0 = 2785*i - 2795*i + 117610. What are the prime factors of i?
19, 619
Let y be (5 + -2)/(6/8). Let f be ((-34)/y)/((-5)/(-30)). What are the prime factors of (17/f)/((-2)/1416)?
2, 59
Let n be 482/10 - 162/(-90). Suppose -m = 4*z + 9, -z = -0 + 2. Let i = m + n. List the prime factors of i.
7
Let c(k) = -3*k**3 - 5*k**2 - 27*k - 58. Let o(v) = 2*v**2 + 69*v + 27. Let p be o(-34). List the prime factors of c(p).
3, 5